 is divided by t(-4)?
18
Let h = 54 - 39. Let t(n) = -n**2 - 21*n + 13. Calculate the remainder when t(-15) is divided by h.
13
What is the remainder when 76 is divided by (-238)/(-6) + 260/195?
35
Suppose 0*f - j - 171 = -f, j = 5*f - 871. What is the remainder when f is divided by 37?
27
Suppose 4*v - 14*h - 212 = -12*h, -4*v + 206 = -5*h. Calculate the remainder when 375 is divided by v.
51
What is the remainder when 495 is divided by (16 + -5 - -7)*4?
63
Suppose -w + 3 = 0, 0 = 5*h + 5*w - 28 - 332. Calculate the remainder when h is divided by 10.
9
Let x(k) = -71*k**3 + 2*k**2 - 2*k + 1. Let h be x(1). Let j = -58 - h. What is the remainder when 35 is divided by j?
11
Suppose 83 = 87*q - 83*q + 3*p, 2*p = 10. What is the remainder when 2597 is divided by q?
13
Let d(r) = -r**3 - 22*r**2 - 75*r - 8. Calculate the remainder when d(-18) is divided by 7.
4
Let p = 224 - 133. Suppose 6*w + 19 = p. What is the remainder when 36 is divided by w?
0
Let u = -2 + 15. Suppose 6*a = 3*a - 3, d = 5*a + 12. Calculate the remainder when u is divided by d.
6
Suppose 4*q + 2 = 14. Suppose q*r - r - 44 = 0. Calculate the remainder when r is divided by 12.
10
Let w(r) be the third derivative of -13*r**4/12 - r**3/3 - 19*r**2. What is the remainder when w(-1) is divided by 7?
3
Let i = -1637 - -1720. Suppose 0 = -4*g + 5*g - 42. Calculate the remainder when i is divided by g.
41
Let f(o) = 4*o + 0*o - 6*o + 104*o**2 + 3*o. Let j = -55 - -90. Calculate the remainder when f(-1) is divided by j.
33
Let y(u) = -18*u + 7. Let w(j) = j**2 - 6. Let c be w(3). Let g be y(c). Let s = -8 - g. Calculate the remainder when s is divided by 6.
3
Let t(c) = -2*c**3 - 2*c - 1. Let q be ((-10)/(-2) - 5)*1. Suppose -5*m + 10 = -5*d, q = 3*m + 4*d - 2 - 39. Calculate the remainder when t(-2) is divided by m.
5
Let g = 21 - -120. What is the remainder when g is divided by 37?
30
Suppose -4*q + 2*t + 98 = 0, -3*q - 4*t + 56 = -2*t. Suppose -q + 54 = c. Calculate the remainder when c is divided by 12.
8
Suppose 9 = -3*h, 3*b + 0*h = h + 60. What is the remainder when 49 is divided by b?
11
Suppose 4*v + 2*i = 5*v - 110, 4 = -i. Calculate the remainder when 406 is divided by v.
100
Suppose -4*l - 8 = -3*z, -2*z + 0*z = -8. Suppose 5*g - 5*p - 90 = 0, 2*g - p = -3*p + 32. What is the remainder when l/(-4) - 2211/(-44) is divided by g?
16
Suppose -417 = 3*l - 3*b, 0 = 5*l + 4*b - b + 679. Let n = 284 + l. What is the remainder when n is divided by 25?
22
Let g be 1 + (1 - 2) - -80. Suppose 0 = -5*p + g - 20. Suppose -3*j + 7 = -14. What is the remainder when p is divided by j?
5
Let o = -11 - -23. Suppose 0 = -5*c - 2*c + 441. Calculate the remainder when c is divided by (-6)/(5/((-160)/o)).
15
Let c = 35 - 32. Suppose 3*d + c*d - 72 = 0. What is the remainder when 22 is divided by d?
10
Let v = -22 + 40. Suppose 2 - 2 = -4*p. Suppose p = -4*g - 2*l - 13 + 59, 2*l + 34 = 4*g. What is the remainder when v is divided by g?
8
Suppose n + n = 30. Suppose 0 = 5*t + 5, s - 116 = 2*s - t. Let q = 175 + s. What is the remainder when q is divided by n?
13
Let h = -186 + 299. Calculate the remainder when h is divided by 24.
17
Let z(x) = 2*x + 11. Let g be z(7). What is the remainder when 25/g*(-1*7)/(-1) is divided by 3?
1
Let q be ((-70)/(-30))/(1/15). Suppose -8*o - 11 + q = 0. Calculate the remainder when 4 is divided by o.
1
Suppose -2*o = -7*o - 3*o. Let b(t) = -t + 12. Calculate the remainder when 0 + 3 + (o - -1)*97 is divided by b(-5).
15
Calculate the remainder when (-12)/(-18)*(-15807)/(-22) is divided by 13.
11
Let y(k) = -9*k - 1. Let s be y(-2). Suppose 4*p - s - 43 = 0. Suppose p = 5*o + 2*c, -2*o + 1 = c - 4. Calculate the remainder when 8 is divided by o.
3
Let s be 1144/(-30) + (-6)/(-45). Let d(v) = -25*v**3 - 2*v**2 + v. Let h be d(1). Let l = h - s. What is the remainder when 58 is divided by l?
10
Let l = -6 + 26. Suppose -2*m + 2 = -3*j - 14, -2*j - 10 = -2*m. Calculate the remainder when (-224)/j + ((-24)/(-9) - 2) is divided by l.
18
Suppose -32*t + 612 = -20*t. What is the remainder when 301 is divided by t?
46
Let r be ((-3)/5)/((-8)/760). Suppose 0 = 2*p - 0*p - f - r, 2*p - 5*f = 45. What is the remainder when 57 is divided by p?
27
Suppose -2*g + 1146 - 728 = 0. Calculate the remainder when g is divided by 71.
67
Let z(d) = -2*d**2 + 27*d + 1. Suppose 5*b - 43 = 2*l, -b - b - 4*l = -22. Calculate the remainder when z(b) is divided by 28.
26
Suppose 33*i = 40*i - 4277. What is the remainder when i is divided by 102?
101
Suppose 10*z + 2625 = 5*z. Let w = z + 782. Calculate the remainder when w is divided by 43.
42
Let v(m) be the second derivative of 3*m**5/20 - m**4/4 + m**3/3 - 3*m**2 + 13*m. What is the remainder when v(3) is divided by 14?
12
Let c = 465 + -322. Calculate the remainder when c is divided by 36.
35
Let d(n) = 8*n. Let t(u) = 2*u**2 + 8*u - 2. Let q be t(-6). Let m be q/10 + 2/(-10). Calculate the remainder when 62 is divided by d(m).
14
Let l(p) = -p. Let d(b) = -11*b + 18. Let z(i) = d(i) - 6*l(i). Calculate the remainder when z(-4) is divided by 20.
18
Suppose -o = 1 - 6. Suppose -t = -0*t - 15. What is the remainder when -4 - (-1 + (-41 - o)) is divided by t?
13
Suppose 4 - 1 = -3*c. Let o be (-17)/3 + 4/6. Calculate the remainder when (c + o)*(-5)/2 is divided by 6.
3
Suppose 5*m = 2*f - 211, -f - 9*m + 6*m = -133. Calculate the remainder when f is divided by 24.
22
Let i = 1225 - 502. What is the remainder when i is divided by 56?
51
Let c = 6 + -25. Let z = c - -19. Suppose i - 3 = -z*i. Calculate the remainder when 5 is divided by i.
2
Let f(d) = 17*d - 1. Let n be f(1). Suppose y + n = -0. Let i = -4 - y. Calculate the remainder when 35 is divided by i.
11
Let y(u) = 2*u**3 + 19*u**2 + 5*u + 31. Calculate the remainder when y(-8) is divided by 62.
59
Let a be (-10)/(-5)*1 - -2. Let u(f) = -f**3 + 3*f**2 + 7*f - 1. Calculate the remainder when 30 is divided by u(a).
8
Let i = -294 - -309. Calculate the remainder when i is divided by 6.
3
Let w(z) = 5*z**2 + 6*z - 4. Calculate the remainder when 60 is divided by w(1).
4
Let u(s) = -2*s**3 + 10 - 7*s - 6 + 8*s**2 + s**3. Let a be u(7). Suppose a*f - 3*f = 2*p + 18, -3*f = -5*p - 52. What is the remainder when 40 is divided by f?
12
Suppose 3*y - 25 = 23. Suppose 2*x - 6 = -x. Suppose -3*t - x*t + 225 = 0. What is the remainder when t is divided by y?
13
Suppose -5*d = -3*c - 19, -3*c = d - 7*c + 3. Suppose 0 = -g - 5*w + 38, -g + d*w + 4 = -24. What is the remainder when g is divided by 18?
15
Let f = 28 + -30. Let w be (-12)/(-8)*(0 - f). Suppose k + 12 = w*b - 9, -2*b + 3*k + 14 = 0. What is the remainder when 18 is divided by b?
4
Suppose -7*t = -44 - 12. Suppose t*u = 3*u - 5, 0 = c - 4*u - 104. Calculate the remainder when c is divided by 34.
32
Suppose -g - 19 + 21 = 0. Calculate the remainder when 1268/36 + g/(-9) is divided by 13.
9
Suppose -3*y + 5*y - 62 = 4*w, -2*w + 10 = 0. What is the remainder when y is divided by 5 + (6/(-24))/(2/8)?
1
Let x(p) = -6*p**3 - 3*p**2 + 2*p + 4. Let b(l) = -l**2 + 7. Let k be b(3). What is the remainder when x(k) is divided by 13?
10
Let i = -1341 - -1436. What is the remainder when 343 is divided by i?
58
Let b(v) = -v**3 - 8*v**2 - 11*v - 13. What is the remainder when (-344)/(-12) - (-6)/(-9) is divided by b(-7)?
13
What is the remainder when 1*2*(-39)/(-6) is divided by ((-15190)/(-60))/31 - (-1)/(-6)?
5
Suppose 4*u = -2*r + 12, 0 = 3*r + 2*u + 2 - 12. Suppose -r*y = y + 5*w - 64, -3*y + 56 = w. Calculate the remainder when 69 is divided by y.
15
Let h = -117 + 116. What is the remainder when ((4/6)/(-2))/(h/51) is divided by 1 + -1 - 2 - -12?
7
Calculate the remainder when 61 is divided by 0 + 2/14 - (-44880)/1155.
22
Suppose q = -5*w - 7, 0 = w - 1 + 5. Let d be q + 0 + (-10 - -9). Calculate the remainder when 23 is divided by (-67)/(-5) - d/30.
10
Let v = -414 + 463. Calculate the remainder when 436 is divided by v.
44
Let b(d) = -d**3 - 7*d**2 - 10*d + 4. Let l be b(-5). Suppose 3*y = l*y - 4. Calculate the remainder when y is divided by 3.
1
Suppose -u - 2 = u. Let n(p) = 4*p**2 + p. Let v be n(u). Suppose -7 = 2*x - v*x. What is the remainder when 19 is divided by x?
5
Let n(t) = -t**2 + 25*t + 151. What is the remainder when n(28) 